{"id":3393,"date":"2025-12-17T13:21:36","date_gmt":"2025-12-17T19:21:36","guid":{"rendered":"https:\/\/iudproc.com.mx\/web\/?page_id=3393"},"modified":"2025-12-17T13:54:10","modified_gmt":"2025-12-17T19:54:10","slug":"maestrias","status":"publish","type":"page","link":"https:\/\/iudproc.com.mx\/web\/oferta-educativa\/maestrias\/","title":{"rendered":"Maestr\u00edas"},"content":{"rendered":"\t\t<div data-elementor-type=\"wp-page\" data-elementor-id=\"3393\" class=\"elementor elementor-3393\" data-elementor-post-type=\"page\">\n\t\t\t\t<div class=\"elementor-element elementor-element-528b28f e-con-full e-flex wpr-particle-no wpr-jarallax-no wpr-parallax-no wpr-sticky-section-no e-con e-parent\" data-id=\"528b28f\" data-element_type=\"container\" data-settings=\"{&quot;background_background&quot;:&quot;classic&quot;}\">\n\t\t\t\t<div class=\"elementor-element elementor-element-991b12d elementor--h-position-center elementor--v-position-middle elementor-widget elementor-widget-slides\" data-id=\"991b12d\" data-element_type=\"widget\" data-settings=\"{&quot;transition&quot;:&quot;fade&quot;,&quot;transition_speed&quot;:400,&quot;navigation&quot;:&quot;none&quot;,&quot;autoplay&quot;:&quot;yes&quot;,&quot;autoplay_speed&quot;:5000,&quot;infinite&quot;:&quot;yes&quot;}\" data-widget_type=\"slides.default\">\n\t\t\t\t<div class=\"elementor-widget-container\">\n\t\t\t\t\t\t\t\t\t<div class=\"elementor-swiper\">\n\t\t\t\t\t<div class=\"elementor-slides-wrapper elementor-main-swiper swiper\" role=\"region\" aria-roledescription=\"carousel\" aria-label=\"Slides\" dir=\"ltr\" data-animation=\"\">\n\t\t\t\t<div class=\"swiper-wrapper elementor-slides\">\n\t\t\t\t\t\t\t\t\t\t<div class=\"elementor-repeater-item-46eb3b1 swiper-slide\" role=\"group\" aria-roledescription=\"slide\"><div class=\"swiper-slide-bg\" role=\"img\"><\/div><div class=\"elementor-background-overlay\"><\/div><div class=\"swiper-slide-inner\" ><div class=\"swiper-slide-contents\"><div class=\"elementor-slide-heading\">Maestr\u00edas <\/div><div class=\"elementor-slide-description\">Aumenta tus conocimientos   con  MAESTRIA EN ALTA DIRECCI\u00d3N, MAESTR\u00cdA EN DIRECCION ESTRAT\u00c9GICA Y ORGANIZACIONAL y MAESTR\u00cdA EN ARQUITECTURA (Dise\u00f1o de interiores) para sobresalir en un entorno competitivo y lleno de retos.<\/div><\/div><\/div><\/div>\t\t\t\t<\/div>\n\t\t\t\t\t\t\t<\/div>\n\t\t\t\t<\/div>\n\t\t\t\t\t\t\t\t<\/div>\n\t\t\t\t<\/div>\n\t\t\t\t<\/div>\n\t\t<div class=\"elementor-element elementor-element-139375b0 e-flex e-con-boxed wpr-particle-no wpr-jarallax-no wpr-parallax-no wpr-sticky-section-no e-con e-parent\" data-id=\"139375b0\" data-element_type=\"container\" id=\"historia\" data-settings=\"{&quot;background_background&quot;:&quot;classic&quot;}\">\n\t\t\t\t\t<div class=\"e-con-inner\">\n\t\t<div class=\"elementor-element elementor-element-317929e4 e-flex e-con-boxed wpr-particle-no wpr-jarallax-no wpr-parallax-no wpr-sticky-section-no elementor-invisible e-con e-child\" data-id=\"317929e4\" data-element_type=\"container\" data-settings=\"{&quot;animation&quot;:&quot;slideInLeft&quot;}\">\n\t\t\t\t\t<div class=\"e-con-inner\">\n\t\t\t\t<div class=\"elementor-element elementor-element-69e0b35 elementor-widget elementor-widget-heading\" data-id=\"69e0b35\" data-element_type=\"widget\" data-widget_type=\"heading.default\">\n\t\t\t\t<div class=\"elementor-widget-container\">\n\t\t\t\t\t<h2 class=\"elementor-heading-title elementor-size-default\">\u00bfPor qu\u00e9 elegir maestr\u00edas en IUDPROC?<\/h2>\t\t\t\t<\/div>\n\t\t\t\t<\/div>\n\t\t\t\t<div class=\"elementor-element elementor-element-1fcc596 elementor-widget elementor-widget-text-editor\" data-id=\"1fcc596\" data-element_type=\"widget\" data-widget_type=\"text-editor.default\">\n\t\t\t\t<div class=\"elementor-widget-container\">\n\t\t\t\t\t\t\t\t\t<p>Estudiar una maestr\u00eda en IUDPROC te brinda una ventaja competitiva significativa en el mundo profesional. Nuestros programas de maestr\u00edas est\u00e1n dise\u00f1ado para ofrecer una formaci\u00f3n completa y actualizada, combinando teor\u00eda avanzada con aplicaciones pr\u00e1cticas reales. Los estudiantes se benefician al aumentar su curr\u00edculo que integra conocimientos esenciales en MAESTRIA EN ALTA DIRECCI\u00d3N, MAESTR\u00cdA EN DIRECCION ESTRAT\u00c9GICA Y ORGANIZACIONAL y MAESTR\u00cdA EN ARQUITECTURA (Dise\u00f1o de interiores)<\/p>\t\t\t\t\t\t\t\t<\/div>\n\t\t\t\t<\/div>\n\t\t\t\t\t<\/div>\n\t\t\t\t<\/div>\n\t\t\t\t\t<\/div>\n\t\t\t\t<\/div>\n\t\t<div class=\"elementor-element elementor-element-c65cadc e-flex e-con-boxed wpr-particle-no wpr-jarallax-no wpr-parallax-no wpr-sticky-section-no e-con e-parent\" data-id=\"c65cadc\" data-element_type=\"container\" data-settings=\"{&quot;background_background&quot;:&quot;classic&quot;,&quot;background_motion_fx_motion_fx_mouse&quot;:&quot;yes&quot;}\">\n\t\t\t\t\t<div class=\"e-con-inner\">\n\t\t<div class=\"elementor-element elementor-element-f90a11b e-flex e-con-boxed wpr-particle-no wpr-jarallax-no wpr-parallax-no wpr-sticky-section-no elementor-invisible e-con e-child\" data-id=\"f90a11b\" data-element_type=\"container\" data-settings=\"{&quot;animation&quot;:&quot;slideInLeft&quot;}\">\n\t\t\t\t\t<div class=\"e-con-inner\">\n\t\t\t\t<div class=\"elementor-element elementor-element-771e5f8 elementor-tabs-alignment-stretch elementor-tabs-view-horizontal elementor-widget elementor-widget-tabs\" data-id=\"771e5f8\" data-element_type=\"widget\" data-widget_type=\"tabs.default\">\n\t\t\t\t<div class=\"elementor-widget-container\">\n\t\t\t\t\t\t\t<div class=\"elementor-tabs\">\n\t\t\t<div class=\"elementor-tabs-wrapper\" role=\"tablist\" >\n\t\t\t\t\t\t\t\t\t<div id=\"elementor-tab-title-1241\" class=\"elementor-tab-title elementor-tab-desktop-title\" aria-selected=\"true\" data-tab=\"1\" role=\"tab\" tabindex=\"0\" aria-controls=\"elementor-tab-content-1241\" aria-expanded=\"false\">MAESTRIA EN ALTA DIRECCI\u00d3N<\/div>\n\t\t\t\t\t\t\t\t\t<div id=\"elementor-tab-title-1242\" class=\"elementor-tab-title elementor-tab-desktop-title\" aria-selected=\"false\" data-tab=\"2\" role=\"tab\" tabindex=\"-1\" aria-controls=\"elementor-tab-content-1242\" aria-expanded=\"false\">MAESTR\u00cdA EN DIRECCION ESTRAT\u00c9GICA Y ORGANIZACIONAL<\/div>\n\t\t\t\t\t\t\t\t\t<div id=\"elementor-tab-title-1243\" class=\"elementor-tab-title elementor-tab-desktop-title\" aria-selected=\"false\" data-tab=\"3\" role=\"tab\" tabindex=\"-1\" aria-controls=\"elementor-tab-content-1243\" aria-expanded=\"false\">MAESTR\u00cdA EN ARQUITECTURA (Dise\u00f1o de interiores)<\/div>\n\t\t\t\t\t\t\t<\/div>\n\t\t\t<div class=\"elementor-tabs-content-wrapper\" role=\"tablist\" aria-orientation=\"vertical\">\n\t\t\t\t\t\t\t\t\t<div class=\"elementor-tab-title elementor-tab-mobile-title\" aria-selected=\"true\" data-tab=\"1\" role=\"tab\" tabindex=\"0\" aria-controls=\"elementor-tab-content-1241\" aria-expanded=\"false\">MAESTRIA EN ALTA DIRECCI\u00d3N<\/div>\n\t\t\t\t\t<div id=\"elementor-tab-content-1241\" class=\"elementor-tab-content elementor-clearfix\" data-tab=\"1\" role=\"tabpanel\" aria-labelledby=\"elementor-tab-title-1241\" tabindex=\"0\" hidden=\"false\"><p>* Duraci\u00f3n: 2 a\u00f1os (cuatrimestrales)\u00a0<br \/>* Modalidad: En l\u00ednea \/ H\u00edbrida\u00a0<br \/>* RVOE: 20251515 (27 de junio de 2025)\u00a0<br \/>* Enfoque: Direcci\u00f3n estrat\u00e9gica, financiera y de capital humano; digitalizaci\u00f3n de negocios.<br \/>* Materias destacadas: Business Intelligence, Agile, Design Thinking, Transformaci\u00f3n Digital.\u00a0<br \/>* Beneficios: titulaci\u00f3n sin tesis, docentes con experiencia pr\u00e1ctica, clases grabadas y enfoque aplicado.\u00a0<\/p><\/div>\n\t\t\t\t\t\t\t\t\t<div class=\"elementor-tab-title elementor-tab-mobile-title\" aria-selected=\"false\" data-tab=\"2\" role=\"tab\" tabindex=\"-1\" aria-controls=\"elementor-tab-content-1242\" aria-expanded=\"false\">MAESTR\u00cdA EN DIRECCION ESTRAT\u00c9GICA Y ORGANIZACIONAL<\/div>\n\t\t\t\t\t<div id=\"elementor-tab-content-1242\" class=\"elementor-tab-content elementor-clearfix\" data-tab=\"2\" role=\"tabpanel\" aria-labelledby=\"elementor-tab-title-1242\" tabindex=\"0\" hidden=\"hidden\"><p>* Duraci\u00f3n: 2 a\u00f1os (cuatrimestrales)\u00a0<br \/>* Modalidad: En l\u00ednea \/ H\u00edbrida (clases en vivo + grabadas)\u00a0<br \/>* RVOE: 20251515\u00a0<br \/>* Enfoque: direcci\u00f3n estrat\u00e9gica, finanzas, capital humano y digitalizaci\u00f3n\u00a0<br \/>* Materias clave: Business Intelligence, Agile, Design Thinking, Transformaci\u00f3n Digital\u00a0<br \/>* Beneficios IUDPROC: titulaci\u00f3n sin tesis, docentes con experiencia pr\u00e1ctica, clases grabadas, convenios y bolsa de trabajo<\/p><\/div>\n\t\t\t\t\t\t\t\t\t<div class=\"elementor-tab-title elementor-tab-mobile-title\" aria-selected=\"false\" data-tab=\"3\" role=\"tab\" tabindex=\"-1\" aria-controls=\"elementor-tab-content-1243\" aria-expanded=\"false\">MAESTR\u00cdA EN ARQUITECTURA (Dise\u00f1o de interiores)<\/div>\n\t\t\t\t\t<div id=\"elementor-tab-content-1243\" class=\"elementor-tab-content elementor-clearfix\" data-tab=\"3\" role=\"tabpanel\" aria-labelledby=\"elementor-tab-title-1243\" tabindex=\"0\" hidden=\"hidden\"><p>* Duraci\u00f3n: 2 a\u00f1os (cuatrimestrales)<br \/>* Modalidad: En l\u00ednea \/ H\u00edbrida\u00a0<br \/>* RVOE: 20251514 (27 de junio de 2025)\u00a0<br \/>* Enfoque: dise\u00f1o de espacios, ac\u00fastica, iluminaci\u00f3n, mobiliario y dom\u00f3tica \u2014 visi\u00f3n est\u00e9tica y funcional\u00a0<br \/>* M\u00e9todo: enfoque pr\u00e1ctico, con proyectos aplicados y formaci\u00f3n para transformar ambientes\u00a0<br \/>* Beneficios IUDPROC: titulaci\u00f3n sin tesis, docentes con experiencia pr\u00e1ctica, clases grabadas y convenios para pr\u00e1cticas y bolsa de trabajo<\/p><\/div>\n\t\t\t\t\t\t\t<\/div>\n\t\t<\/div>\n\t\t\t\t\t\t<\/div>\n\t\t\t\t<\/div>\n\t\t\t\t\t<\/div>\n\t\t\t\t<\/div>\n\t\t\t\t\t<\/div>\n\t\t\t\t<\/div>\n\t\t<div class=\"elementor-element elementor-element-614b5be4 e-grid e-con-full wpr-particle-no wpr-jarallax-no wpr-parallax-no wpr-sticky-section-no e-con e-parent\" data-id=\"614b5be4\" data-element_type=\"container\" data-settings=\"{&quot;background_background&quot;:&quot;classic&quot;}\">\n\t\t\t\t<div class=\"elementor-element elementor-element-687e9b0 elementor-align-center elementor-widget elementor-widget-button\" data-id=\"687e9b0\" data-element_type=\"widget\" data-widget_type=\"button.default\">\n\t\t\t\t<div class=\"elementor-widget-container\">\n\t\t\t\t\t\t\t\t\t<div class=\"elementor-button-wrapper\">\n\t\t\t\t\t<a class=\"elementor-button elementor-button-link elementor-size-sm\" href=\"https:\/\/wa.me\/529612367917?text=me%20interesa%20la%20promo\">\n\t\t\t\t\t\t<span class=\"elementor-button-content-wrapper\">\n\t\t\t\t\t\t\t\t\t<span class=\"elementor-button-text\">M\u00e1s Informaci\u00f3n<\/span>\n\t\t\t\t\t<\/span>\n\t\t\t\t\t<\/a>\n\t\t\t\t<\/div>\n\t\t\t\t\t\t\t\t<\/div>\n\t\t\t\t<\/div>\n\t\t\t\t<\/div>\n\t\t\t\t<\/div>\n\t\t","protected":false},"excerpt":{"rendered":"<p>Maestr\u00edas Aumenta tus conocimientos con MAESTRIA EN ALTA DIRECCI\u00d3N, MAESTR\u00cdA EN DIRECCION ESTRAT\u00c9GICA Y ORGANIZACIONAL y MAESTR\u00cdA EN ARQUITECTURA (Dise\u00f1o de interiores) para sobresalir en un entorno competitivo y lleno de retos. \u00bfPor qu\u00e9 elegir maestr\u00edas en IUDPROC? Estudiar una maestr\u00eda en IUDPROC te brinda una ventaja competitiva significativa en el mundo profesional. Nuestros programas de maestr\u00edas est\u00e1n dise\u00f1ado para ofrecer una formaci\u00f3n completa y actualizada, combinando teor\u00eda avanzada con aplicaciones pr\u00e1cticas reales. Los estudiantes se benefician al aumentar su curr\u00edculo que integra conocimientos esenciales en MAESTRIA EN ALTA DIRECCI\u00d3N, MAESTR\u00cdA EN DIRECCION ESTRAT\u00c9GICA Y ORGANIZACIONAL y MAESTR\u00cdA EN ARQUITECTURA (Dise\u00f1o de interiores) MAESTRIA EN ALTA DIRECCI\u00d3N MAESTR\u00cdA EN DIRECCION ESTRAT\u00c9GICA Y ORGANIZACIONAL MAESTR\u00cdA EN ARQUITECTURA (Dise\u00f1o de interiores) MAESTRIA EN ALTA DIRECCI\u00d3N * Duraci\u00f3n: 2 a\u00f1os (cuatrimestrales)\u00a0* Modalidad: En l\u00ednea \/ H\u00edbrida\u00a0* RVOE: 20251515 (27 de junio de 2025)\u00a0* Enfoque: Direcci\u00f3n estrat\u00e9gica, financiera y de capital humano; digitalizaci\u00f3n de negocios.* Materias destacadas: Business Intelligence, Agile, Design Thinking, Transformaci\u00f3n Digital.\u00a0* Beneficios: titulaci\u00f3n sin tesis, docentes con experiencia pr\u00e1ctica, clases grabadas y enfoque aplicado.\u00a0 MAESTR\u00cdA EN DIRECCION ESTRAT\u00c9GICA Y ORGANIZACIONAL * Duraci\u00f3n: 2 a\u00f1os (cuatrimestrales)\u00a0* Modalidad: En l\u00ednea \/ H\u00edbrida (clases en vivo + grabadas)\u00a0* RVOE: 20251515\u00a0* Enfoque: direcci\u00f3n estrat\u00e9gica, finanzas, capital humano y digitalizaci\u00f3n\u00a0* Materias clave: Business Intelligence, Agile, Design Thinking, Transformaci\u00f3n Digital\u00a0* Beneficios IUDPROC: titulaci\u00f3n sin tesis, docentes con experiencia pr\u00e1ctica, clases grabadas, convenios y bolsa de trabajo MAESTR\u00cdA EN ARQUITECTURA (Dise\u00f1o de interiores) * Duraci\u00f3n: 2 a\u00f1os (cuatrimestrales)* Modalidad: En l\u00ednea \/ H\u00edbrida\u00a0* RVOE: 20251514 (27 de junio de 2025)\u00a0* Enfoque: dise\u00f1o de espacios, ac\u00fastica, iluminaci\u00f3n, mobiliario y dom\u00f3tica \u2014 visi\u00f3n est\u00e9tica y funcional\u00a0* M\u00e9todo: enfoque pr\u00e1ctico, con proyectos aplicados y formaci\u00f3n para transformar ambientes\u00a0* Beneficios IUDPROC: titulaci\u00f3n sin tesis, docentes con experiencia pr\u00e1ctica, clases grabadas y convenios para pr\u00e1cticas y bolsa de trabajo M\u00e1s Informaci\u00f3n<\/p>\n","protected":false},"author":5,"featured_media":0,"parent":2645,"menu_order":0,"comment_status":"closed","ping_status":"closed","template":"elementor_header_footer","meta":{"footnotes":""},"class_list":["post-3393","page","type-page","status-publish","hentry"],"yoast_head":"<!-- This site is optimized with the Yoast SEO plugin v25.5 - https:\/\/yoast.com\/wordpress\/plugins\/seo\/ -->\n<title>Maestr\u00edas - Instituto Universitario de Desarrollo Profesional y Crecimiento<\/title>\n<meta name=\"robots\" content=\"index, follow, max-snippet:-1, max-image-preview:large, max-video-preview:-1\" \/>\n<link rel=\"canonical\" href=\"https:\/\/iudproc.com.mx\/web\/oferta-educativa\/maestrias\/\" \/>\n<meta property=\"og:locale\" content=\"es_ES\" \/>\n<meta property=\"og:type\" content=\"article\" \/>\n<meta property=\"og:title\" content=\"Maestr\u00edas - Instituto Universitario de Desarrollo Profesional y Crecimiento\" \/>\n<meta property=\"og:description\" content=\"Maestr\u00edas Aumenta tus conocimientos con MAESTRIA EN ALTA DIRECCI\u00d3N, MAESTR\u00cdA EN DIRECCION ESTRAT\u00c9GICA Y ORGANIZACIONAL y MAESTR\u00cdA EN ARQUITECTURA (Dise\u00f1o de interiores) para sobresalir en un entorno competitivo y lleno de retos. \u00bfPor qu\u00e9 elegir maestr\u00edas en IUDPROC? Estudiar una maestr\u00eda en IUDPROC te brinda una ventaja competitiva significativa en el mundo profesional. Nuestros programas de maestr\u00edas est\u00e1n dise\u00f1ado para ofrecer una formaci\u00f3n completa y actualizada, combinando teor\u00eda avanzada con aplicaciones pr\u00e1cticas reales. Los estudiantes se benefician al aumentar su curr\u00edculo que integra conocimientos esenciales en MAESTRIA EN ALTA DIRECCI\u00d3N, MAESTR\u00cdA EN DIRECCION ESTRAT\u00c9GICA Y ORGANIZACIONAL y MAESTR\u00cdA EN ARQUITECTURA (Dise\u00f1o de interiores) MAESTRIA EN ALTA DIRECCI\u00d3N MAESTR\u00cdA EN DIRECCION ESTRAT\u00c9GICA Y ORGANIZACIONAL MAESTR\u00cdA EN ARQUITECTURA (Dise\u00f1o de interiores) MAESTRIA EN ALTA DIRECCI\u00d3N * Duraci\u00f3n: 2 a\u00f1os (cuatrimestrales)\u00a0* Modalidad: En l\u00ednea \/ H\u00edbrida\u00a0* RVOE: 20251515 (27 de junio de 2025)\u00a0* Enfoque: Direcci\u00f3n estrat\u00e9gica, financiera y de capital humano; digitalizaci\u00f3n de negocios.* Materias destacadas: Business Intelligence, Agile, Design Thinking, Transformaci\u00f3n Digital.\u00a0* Beneficios: titulaci\u00f3n sin tesis, docentes con experiencia pr\u00e1ctica, clases grabadas y enfoque aplicado.\u00a0 MAESTR\u00cdA EN DIRECCION ESTRAT\u00c9GICA Y ORGANIZACIONAL * Duraci\u00f3n: 2 a\u00f1os (cuatrimestrales)\u00a0* Modalidad: En l\u00ednea \/ H\u00edbrida (clases en vivo + grabadas)\u00a0* RVOE: 20251515\u00a0* Enfoque: direcci\u00f3n estrat\u00e9gica, finanzas, capital humano y digitalizaci\u00f3n\u00a0* Materias clave: Business Intelligence, Agile, Design Thinking, Transformaci\u00f3n Digital\u00a0* Beneficios IUDPROC: titulaci\u00f3n sin tesis, docentes con experiencia pr\u00e1ctica, clases grabadas, convenios y bolsa de trabajo MAESTR\u00cdA EN ARQUITECTURA (Dise\u00f1o de interiores) * Duraci\u00f3n: 2 a\u00f1os (cuatrimestrales)* Modalidad: En l\u00ednea \/ H\u00edbrida\u00a0* RVOE: 20251514 (27 de junio de 2025)\u00a0* Enfoque: dise\u00f1o de espacios, ac\u00fastica, iluminaci\u00f3n, mobiliario y dom\u00f3tica \u2014 visi\u00f3n est\u00e9tica y funcional\u00a0* M\u00e9todo: enfoque pr\u00e1ctico, con proyectos aplicados y formaci\u00f3n para transformar ambientes\u00a0* Beneficios IUDPROC: titulaci\u00f3n sin tesis, docentes con experiencia pr\u00e1ctica, clases grabadas y convenios para pr\u00e1cticas y bolsa de trabajo M\u00e1s Informaci\u00f3n\" \/>\n<meta property=\"og:url\" content=\"https:\/\/iudproc.com.mx\/web\/oferta-educativa\/maestrias\/\" \/>\n<meta property=\"og:site_name\" content=\"Instituto Universitario de Desarrollo Profesional y Crecimiento\" \/>\n<meta property=\"article:publisher\" content=\"https:\/\/www.facebook.com\/iudproc.oficial\" \/>\n<meta property=\"article:modified_time\" content=\"2025-12-17T19:54:10+00:00\" \/>\n<meta name=\"twitter:card\" content=\"summary_large_image\" \/>\n<meta name=\"twitter:label1\" content=\"Tiempo de lectura\" \/>\n\t<meta name=\"twitter:data1\" content=\"2 minutos\" \/>\n<script type=\"application\/ld+json\" class=\"yoast-schema-graph\">{\"@context\":\"https:\/\/schema.org\",\"@graph\":[{\"@type\":\"WebPage\",\"@id\":\"https:\/\/iudproc.com.mx\/web\/oferta-educativa\/maestrias\/\",\"url\":\"https:\/\/iudproc.com.mx\/web\/oferta-educativa\/maestrias\/\",\"name\":\"Maestr\u00edas - Instituto Universitario de Desarrollo Profesional y Crecimiento\",\"isPartOf\":{\"@id\":\"https:\/\/iudproc.com.mx\/web\/#website\"},\"datePublished\":\"2025-12-17T19:21:36+00:00\",\"dateModified\":\"2025-12-17T19:54:10+00:00\",\"breadcrumb\":{\"@id\":\"https:\/\/iudproc.com.mx\/web\/oferta-educativa\/maestrias\/#breadcrumb\"},\"inLanguage\":\"es\",\"potentialAction\":[{\"@type\":\"ReadAction\",\"target\":[\"https:\/\/iudproc.com.mx\/web\/oferta-educativa\/maestrias\/\"]}]},{\"@type\":\"BreadcrumbList\",\"@id\":\"https:\/\/iudproc.com.mx\/web\/oferta-educativa\/maestrias\/#breadcrumb\",\"itemListElement\":[{\"@type\":\"ListItem\",\"position\":1,\"name\":\"Portada\",\"item\":\"https:\/\/iudproc.com.mx\/web\/\"},{\"@type\":\"ListItem\",\"position\":2,\"name\":\"Oferta educativa\",\"item\":\"https:\/\/iudproc.com.mx\/web\/oferta-educativa\/\"},{\"@type\":\"ListItem\",\"position\":3,\"name\":\"Maestr\u00edas\"}]},{\"@type\":\"WebSite\",\"@id\":\"https:\/\/iudproc.com.mx\/web\/#website\",\"url\":\"https:\/\/iudproc.com.mx\/web\/\",\"name\":\"Instituto Universitario de Desarrollo Profesional y Crecimiento\",\"description\":\"IUDPROC\",\"publisher\":{\"@id\":\"https:\/\/iudproc.com.mx\/web\/#organization\"},\"potentialAction\":[{\"@type\":\"SearchAction\",\"target\":{\"@type\":\"EntryPoint\",\"urlTemplate\":\"https:\/\/iudproc.com.mx\/web\/?s={search_term_string}\"},\"query-input\":{\"@type\":\"PropertyValueSpecification\",\"valueRequired\":true,\"valueName\":\"search_term_string\"}}],\"inLanguage\":\"es\"},{\"@type\":\"Organization\",\"@id\":\"https:\/\/iudproc.com.mx\/web\/#organization\",\"name\":\"Instituto Universitario de Desarrollo Profesional y Crecimiento\",\"url\":\"https:\/\/iudproc.com.mx\/web\/\",\"logo\":{\"@type\":\"ImageObject\",\"inLanguage\":\"es\",\"@id\":\"https:\/\/iudproc.com.mx\/web\/#\/schema\/logo\/image\/\",\"url\":\"https:\/\/iudproc.com.mx\/web\/wp-content\/uploads\/2025\/05\/logo-url.jpg\",\"contentUrl\":\"https:\/\/iudproc.com.mx\/web\/wp-content\/uploads\/2025\/05\/logo-url.jpg\",\"width\":1600,\"height\":597,\"caption\":\"Instituto Universitario de Desarrollo Profesional y Crecimiento\"},\"image\":{\"@id\":\"https:\/\/iudproc.com.mx\/web\/#\/schema\/logo\/image\/\"},\"sameAs\":[\"https:\/\/www.facebook.com\/iudproc.oficial\"]}]}<\/script>\n<!-- \/ Yoast SEO plugin. -->","yoast_head_json":{"title":"Maestr\u00edas - Instituto Universitario de Desarrollo Profesional y Crecimiento","robots":{"index":"index","follow":"follow","max-snippet":"max-snippet:-1","max-image-preview":"max-image-preview:large","max-video-preview":"max-video-preview:-1"},"canonical":"https:\/\/iudproc.com.mx\/web\/oferta-educativa\/maestrias\/","og_locale":"es_ES","og_type":"article","og_title":"Maestr\u00edas - Instituto Universitario de Desarrollo Profesional y Crecimiento","og_description":"Maestr\u00edas Aumenta tus conocimientos con MAESTRIA EN ALTA DIRECCI\u00d3N, MAESTR\u00cdA EN DIRECCION ESTRAT\u00c9GICA Y ORGANIZACIONAL y MAESTR\u00cdA EN ARQUITECTURA (Dise\u00f1o de interiores) para sobresalir en un entorno competitivo y lleno de retos. \u00bfPor qu\u00e9 elegir maestr\u00edas en IUDPROC? Estudiar una maestr\u00eda en IUDPROC te brinda una ventaja competitiva significativa en el mundo profesional. Nuestros programas de maestr\u00edas est\u00e1n dise\u00f1ado para ofrecer una formaci\u00f3n completa y actualizada, combinando teor\u00eda avanzada con aplicaciones pr\u00e1cticas reales. Los estudiantes se benefician al aumentar su curr\u00edculo que integra conocimientos esenciales en MAESTRIA EN ALTA DIRECCI\u00d3N, MAESTR\u00cdA EN DIRECCION ESTRAT\u00c9GICA Y ORGANIZACIONAL y MAESTR\u00cdA EN ARQUITECTURA (Dise\u00f1o de interiores) MAESTRIA EN ALTA DIRECCI\u00d3N MAESTR\u00cdA EN DIRECCION ESTRAT\u00c9GICA Y ORGANIZACIONAL MAESTR\u00cdA EN ARQUITECTURA (Dise\u00f1o de interiores) MAESTRIA EN ALTA DIRECCI\u00d3N * Duraci\u00f3n: 2 a\u00f1os (cuatrimestrales)\u00a0* Modalidad: En l\u00ednea \/ H\u00edbrida\u00a0* RVOE: 20251515 (27 de junio de 2025)\u00a0* Enfoque: Direcci\u00f3n estrat\u00e9gica, financiera y de capital humano; digitalizaci\u00f3n de negocios.* Materias destacadas: Business Intelligence, Agile, Design Thinking, Transformaci\u00f3n Digital.\u00a0* Beneficios: titulaci\u00f3n sin tesis, docentes con experiencia pr\u00e1ctica, clases grabadas y enfoque aplicado.\u00a0 MAESTR\u00cdA EN DIRECCION ESTRAT\u00c9GICA Y ORGANIZACIONAL * Duraci\u00f3n: 2 a\u00f1os (cuatrimestrales)\u00a0* Modalidad: En l\u00ednea \/ H\u00edbrida (clases en vivo + grabadas)\u00a0* RVOE: 20251515\u00a0* Enfoque: direcci\u00f3n estrat\u00e9gica, finanzas, capital humano y digitalizaci\u00f3n\u00a0* Materias clave: Business Intelligence, Agile, Design Thinking, Transformaci\u00f3n Digital\u00a0* Beneficios IUDPROC: titulaci\u00f3n sin tesis, docentes con experiencia pr\u00e1ctica, clases grabadas, convenios y bolsa de trabajo MAESTR\u00cdA EN ARQUITECTURA (Dise\u00f1o de interiores) * Duraci\u00f3n: 2 a\u00f1os (cuatrimestrales)* Modalidad: En l\u00ednea \/ H\u00edbrida\u00a0* RVOE: 20251514 (27 de junio de 2025)\u00a0* Enfoque: dise\u00f1o de espacios, ac\u00fastica, iluminaci\u00f3n, mobiliario y dom\u00f3tica \u2014 visi\u00f3n est\u00e9tica y funcional\u00a0* M\u00e9todo: enfoque pr\u00e1ctico, con proyectos aplicados y formaci\u00f3n para transformar ambientes\u00a0* Beneficios IUDPROC: titulaci\u00f3n sin tesis, docentes con experiencia pr\u00e1ctica, clases grabadas y convenios para pr\u00e1cticas y bolsa de trabajo M\u00e1s Informaci\u00f3n","og_url":"https:\/\/iudproc.com.mx\/web\/oferta-educativa\/maestrias\/","og_site_name":"Instituto Universitario de Desarrollo Profesional y Crecimiento","article_publisher":"https:\/\/www.facebook.com\/iudproc.oficial","article_modified_time":"2025-12-17T19:54:10+00:00","twitter_card":"summary_large_image","twitter_misc":{"Tiempo de lectura":"2 minutos"},"schema":{"@context":"https:\/\/schema.org","@graph":[{"@type":"WebPage","@id":"https:\/\/iudproc.com.mx\/web\/oferta-educativa\/maestrias\/","url":"https:\/\/iudproc.com.mx\/web\/oferta-educativa\/maestrias\/","name":"Maestr\u00edas - Instituto Universitario de Desarrollo Profesional y Crecimiento","isPartOf":{"@id":"https:\/\/iudproc.com.mx\/web\/#website"},"datePublished":"2025-12-17T19:21:36+00:00","dateModified":"2025-12-17T19:54:10+00:00","breadcrumb":{"@id":"https:\/\/iudproc.com.mx\/web\/oferta-educativa\/maestrias\/#breadcrumb"},"inLanguage":"es","potentialAction":[{"@type":"ReadAction","target":["https:\/\/iudproc.com.mx\/web\/oferta-educativa\/maestrias\/"]}]},{"@type":"BreadcrumbList","@id":"https:\/\/iudproc.com.mx\/web\/oferta-educativa\/maestrias\/#breadcrumb","itemListElement":[{"@type":"ListItem","position":1,"name":"Portada","item":"https:\/\/iudproc.com.mx\/web\/"},{"@type":"ListItem","position":2,"name":"Oferta educativa","item":"https:\/\/iudproc.com.mx\/web\/oferta-educativa\/"},{"@type":"ListItem","position":3,"name":"Maestr\u00edas"}]},{"@type":"WebSite","@id":"https:\/\/iudproc.com.mx\/web\/#website","url":"https:\/\/iudproc.com.mx\/web\/","name":"Instituto Universitario de Desarrollo Profesional y Crecimiento","description":"IUDPROC","publisher":{"@id":"https:\/\/iudproc.com.mx\/web\/#organization"},"potentialAction":[{"@type":"SearchAction","target":{"@type":"EntryPoint","urlTemplate":"https:\/\/iudproc.com.mx\/web\/?s={search_term_string}"},"query-input":{"@type":"PropertyValueSpecification","valueRequired":true,"valueName":"search_term_string"}}],"inLanguage":"es"},{"@type":"Organization","@id":"https:\/\/iudproc.com.mx\/web\/#organization","name":"Instituto Universitario de Desarrollo Profesional y Crecimiento","url":"https:\/\/iudproc.com.mx\/web\/","logo":{"@type":"ImageObject","inLanguage":"es","@id":"https:\/\/iudproc.com.mx\/web\/#\/schema\/logo\/image\/","url":"https:\/\/iudproc.com.mx\/web\/wp-content\/uploads\/2025\/05\/logo-url.jpg","contentUrl":"https:\/\/iudproc.com.mx\/web\/wp-content\/uploads\/2025\/05\/logo-url.jpg","width":1600,"height":597,"caption":"Instituto Universitario de Desarrollo Profesional y Crecimiento"},"image":{"@id":"https:\/\/iudproc.com.mx\/web\/#\/schema\/logo\/image\/"},"sameAs":["https:\/\/www.facebook.com\/iudproc.oficial"]}]}},"_links":{"self":[{"href":"https:\/\/iudproc.com.mx\/web\/wp-json\/wp\/v2\/pages\/3393","targetHints":{"allow":["GET"]}}],"collection":[{"href":"https:\/\/iudproc.com.mx\/web\/wp-json\/wp\/v2\/pages"}],"about":[{"href":"https:\/\/iudproc.com.mx\/web\/wp-json\/wp\/v2\/types\/page"}],"author":[{"embeddable":true,"href":"https:\/\/iudproc.com.mx\/web\/wp-json\/wp\/v2\/users\/5"}],"replies":[{"embeddable":true,"href":"https:\/\/iudproc.com.mx\/web\/wp-json\/wp\/v2\/comments?post=3393"}],"version-history":[{"count":13,"href":"https:\/\/iudproc.com.mx\/web\/wp-json\/wp\/v2\/pages\/3393\/revisions"}],"predecessor-version":[{"id":3414,"href":"https:\/\/iudproc.com.mx\/web\/wp-json\/wp\/v2\/pages\/3393\/revisions\/3414"}],"up":[{"embeddable":true,"href":"https:\/\/iudproc.com.mx\/web\/wp-json\/wp\/v2\/pages\/2645"}],"wp:attachment":[{"href":"https:\/\/iudproc.com.mx\/web\/wp-json\/wp\/v2\/media?parent=3393"}],"curies":[{"name":"wp","href":"https:\/\/api.w.org\/{rel}","templated":true}]}}