{"id":2726,"date":"2024-08-26T09:37:20","date_gmt":"2024-08-26T07:37:20","guid":{"rendered":"https:\/\/iudproc.decalogoweb.com\/?page_id=2726"},"modified":"2025-05-17T10:10:10","modified_gmt":"2025-05-17T16:10:10","slug":"noticias","status":"publish","type":"page","link":"https:\/\/iudproc.com.mx\/web\/noticias\/","title":{"rendered":"Noticias"},"content":{"rendered":"\t\t<div data-elementor-type=\"wp-page\" data-elementor-id=\"2726\" class=\"elementor elementor-2726\" data-elementor-post-type=\"page\">\n\t\t\t\t<div class=\"elementor-element elementor-element-528b28f e-con-full e-flex wpr-particle-no wpr-jarallax-no wpr-parallax-no wpr-sticky-section-no e-con e-parent\" data-id=\"528b28f\" data-element_type=\"container\" data-settings=\"{&quot;background_background&quot;:&quot;classic&quot;}\">\n\t\t\t\t<div class=\"elementor-element elementor-element-991b12d elementor--h-position-center elementor--v-position-middle elementor-widget elementor-widget-slides\" data-id=\"991b12d\" data-element_type=\"widget\" data-settings=\"{&quot;transition&quot;:&quot;fade&quot;,&quot;transition_speed&quot;:400,&quot;navigation&quot;:&quot;none&quot;,&quot;autoplay&quot;:&quot;yes&quot;,&quot;autoplay_speed&quot;:5000,&quot;infinite&quot;:&quot;yes&quot;}\" data-widget_type=\"slides.default\">\n\t\t\t\t<div class=\"elementor-widget-container\">\n\t\t\t\t\t\t\t\t\t<div class=\"elementor-swiper\">\n\t\t\t\t\t<div class=\"elementor-slides-wrapper elementor-main-swiper swiper\" role=\"region\" aria-roledescription=\"carousel\" aria-label=\"Slides\" dir=\"ltr\" data-animation=\"\">\n\t\t\t\t<div class=\"swiper-wrapper elementor-slides\">\n\t\t\t\t\t\t\t\t\t\t<div class=\"elementor-repeater-item-46eb3b1 swiper-slide\" role=\"group\" aria-roledescription=\"slide\"><div class=\"swiper-slide-bg\" role=\"img\"><\/div><div class=\"elementor-background-overlay\"><\/div><div class=\"swiper-slide-inner\" ><div class=\"swiper-slide-contents\"><div class=\"elementor-slide-heading\">Noticias<\/div><div class=\"elementor-slide-description\">Descubre las noticias m\u00e1s importantes de IUDPROC y mantente al tanto de nuestras c\u00e1psulas acad\u00e9micas. Inf\u00f3rmate sobre los eventos, logros y novedades que impactan a nuestra comunidad universitaria y contribuyen a tu formaci\u00f3n profesional.<\/div><\/div><\/div><\/div>\t\t\t\t<\/div>\n\t\t\t\t\t\t\t<\/div>\n\t\t\t\t<\/div>\n\t\t\t\t\t\t\t\t<\/div>\n\t\t\t\t<\/div>\n\t\t\t\t<\/div>\n\t\t<div class=\"elementor-element elementor-element-139375b0 e-flex e-con-boxed wpr-particle-no wpr-jarallax-no wpr-parallax-no wpr-sticky-section-no e-con e-parent\" data-id=\"139375b0\" data-element_type=\"container\" id=\"historia\" data-settings=\"{&quot;background_background&quot;:&quot;classic&quot;}\">\n\t\t\t\t\t<div class=\"e-con-inner\">\n\t\t<div class=\"elementor-element elementor-element-317929e4 e-flex e-con-boxed wpr-particle-no wpr-jarallax-no wpr-parallax-no wpr-sticky-section-no elementor-invisible e-con e-child\" data-id=\"317929e4\" data-element_type=\"container\" data-settings=\"{&quot;animation&quot;:&quot;slideInLeft&quot;}\">\n\t\t\t\t\t<div class=\"e-con-inner\">\n\t\t\t\t<div class=\"elementor-element elementor-element-baeb63a elementor-widget elementor-widget-heading\" data-id=\"baeb63a\" data-element_type=\"widget\" data-widget_type=\"heading.default\">\n\t\t\t\t<div class=\"elementor-widget-container\">\n\t\t\t\t\t<h2 class=\"elementor-heading-title elementor-size-default\">Noticias IUDPROC<\/h2>\t\t\t\t<\/div>\n\t\t\t\t<\/div>\n\t\t\t\t<div class=\"elementor-element elementor-element-9755797 elementor-grid-3 elementor-grid-tablet-2 elementor-grid-mobile-1 elementor-posts--thumbnail-top elementor-posts__hover-gradient elementor-widget elementor-widget-posts\" data-id=\"9755797\" data-element_type=\"widget\" data-settings=\"{&quot;cards_columns&quot;:&quot;3&quot;,&quot;cards_columns_tablet&quot;:&quot;2&quot;,&quot;cards_columns_mobile&quot;:&quot;1&quot;,&quot;cards_row_gap&quot;:{&quot;unit&quot;:&quot;px&quot;,&quot;size&quot;:35,&quot;sizes&quot;:[]},&quot;cards_row_gap_tablet&quot;:{&quot;unit&quot;:&quot;px&quot;,&quot;size&quot;:&quot;&quot;,&quot;sizes&quot;:[]},&quot;cards_row_gap_mobile&quot;:{&quot;unit&quot;:&quot;px&quot;,&quot;size&quot;:&quot;&quot;,&quot;sizes&quot;:[]}}\" data-widget_type=\"posts.cards\">\n\t\t\t\t<div class=\"elementor-widget-container\">\n\t\t\t\t\t\t\t<div class=\"elementor-posts-container elementor-posts elementor-posts--skin-cards elementor-grid\" role=\"list\">\n\t\t\t\t<article class=\"elementor-post elementor-grid-item post-2742 post type-post status-publish format-standard has-post-thumbnail hentry category-noticias\" role=\"listitem\">\n\t\t\t<div class=\"elementor-post__card\">\n\t\t\t\t<a class=\"elementor-post__thumbnail__link\" href=\"https:\/\/iudproc.com.mx\/web\/gran-exito-en-el-primer-evento-de-networking-academico-de-iudproc\/\" tabindex=\"-1\" ><div class=\"elementor-post__thumbnail\"><img fetchpriority=\"high\" decoding=\"async\" width=\"300\" height=\"200\" src=\"https:\/\/iudproc.com.mx\/web\/wp-content\/uploads\/2024\/08\/pexels-bertellifotografia-2608517-300x200.jpg\" class=\"attachment-medium size-medium wp-image-2743\" alt=\"\" srcset=\"https:\/\/iudproc.com.mx\/web\/wp-content\/uploads\/2024\/08\/pexels-bertellifotografia-2608517-300x200.jpg 300w, https:\/\/iudproc.com.mx\/web\/wp-content\/uploads\/2024\/08\/pexels-bertellifotografia-2608517-1024x683.jpg 1024w, https:\/\/iudproc.com.mx\/web\/wp-content\/uploads\/2024\/08\/pexels-bertellifotografia-2608517-768x512.jpg 768w, https:\/\/iudproc.com.mx\/web\/wp-content\/uploads\/2024\/08\/pexels-bertellifotografia-2608517.jpg 1279w\" sizes=\"(max-width: 300px) 100vw, 300px\" \/><\/div><\/a>\n\t\t\t\t<div class=\"elementor-post__badge\">Noticias<\/div>\n\t\t\t\t<div class=\"elementor-post__text\">\n\t\t\t\t<h3 class=\"elementor-post__title\">\n\t\t\t<a href=\"https:\/\/iudproc.com.mx\/web\/gran-exito-en-el-primer-evento-de-networking-academico-de-iudproc\/\" >\n\t\t\t\tGran \u00e9xito en el primer evento de networking acad\u00e9mico de IUDPROC\t\t\t<\/a>\n\t\t<\/h3>\n\t\t\n\t\t<a class=\"elementor-post__read-more\" href=\"https:\/\/iudproc.com.mx\/web\/gran-exito-en-el-primer-evento-de-networking-academico-de-iudproc\/\" aria-label=\"Read more about Gran \u00e9xito en el primer evento de networking acad\u00e9mico de IUDPROC\" tabindex=\"-1\" >\n\t\t\tVer publicaci\u00f3n \u00bb\t\t<\/a>\n\n\t\t\t\t<\/div>\n\t\t\t\t<div class=\"elementor-post__meta-data\">\n\t\t\t\t\t<span class=\"elementor-post-date\">\n\t\t\t23 de agosto de 2024\t\t<\/span>\n\t\t\t\t<\/div>\n\t\t\t\t\t<\/div>\n\t\t<\/article>\n\t\t\t\t<article class=\"elementor-post elementor-grid-item post-2739 post type-post status-publish format-standard has-post-thumbnail hentry category-noticias\" role=\"listitem\">\n\t\t\t<div class=\"elementor-post__card\">\n\t\t\t\t<a class=\"elementor-post__thumbnail__link\" href=\"https:\/\/iudproc.com.mx\/web\/iudproc-lanza-nuevos-cursos-en-linea-para-la-formacion-continua\/\" tabindex=\"-1\" ><div class=\"elementor-post__thumbnail\"><img decoding=\"async\" width=\"300\" height=\"200\" src=\"https:\/\/iudproc.com.mx\/web\/wp-content\/uploads\/2024\/08\/pexels-zhuhehuai-716276-300x200.jpg\" class=\"attachment-medium size-medium wp-image-2740\" alt=\"\" srcset=\"https:\/\/iudproc.com.mx\/web\/wp-content\/uploads\/2024\/08\/pexels-zhuhehuai-716276-300x200.jpg 300w, https:\/\/iudproc.com.mx\/web\/wp-content\/uploads\/2024\/08\/pexels-zhuhehuai-716276-1024x682.jpg 1024w, https:\/\/iudproc.com.mx\/web\/wp-content\/uploads\/2024\/08\/pexels-zhuhehuai-716276-768x512.jpg 768w, https:\/\/iudproc.com.mx\/web\/wp-content\/uploads\/2024\/08\/pexels-zhuhehuai-716276.jpg 1280w\" sizes=\"(max-width: 300px) 100vw, 300px\" \/><\/div><\/a>\n\t\t\t\t<div class=\"elementor-post__badge\">Noticias<\/div>\n\t\t\t\t<div class=\"elementor-post__text\">\n\t\t\t\t<h3 class=\"elementor-post__title\">\n\t\t\t<a href=\"https:\/\/iudproc.com.mx\/web\/iudproc-lanza-nuevos-cursos-en-linea-para-la-formacion-continua\/\" >\n\t\t\t\tIUDPROC lanza nuevos cursos en l\u00ednea para la formaci\u00f3n continua\t\t\t<\/a>\n\t\t<\/h3>\n\t\t\n\t\t<a class=\"elementor-post__read-more\" href=\"https:\/\/iudproc.com.mx\/web\/iudproc-lanza-nuevos-cursos-en-linea-para-la-formacion-continua\/\" aria-label=\"Read more about IUDPROC lanza nuevos cursos en l\u00ednea para la formaci\u00f3n continua\" tabindex=\"-1\" >\n\t\t\tVer publicaci\u00f3n \u00bb\t\t<\/a>\n\n\t\t\t\t<\/div>\n\t\t\t\t<div class=\"elementor-post__meta-data\">\n\t\t\t\t\t<span class=\"elementor-post-date\">\n\t\t\t23 de agosto de 2024\t\t<\/span>\n\t\t\t\t<\/div>\n\t\t\t\t\t<\/div>\n\t\t<\/article>\n\t\t\t\t<article class=\"elementor-post elementor-grid-item post-2736 post type-post status-publish format-standard has-post-thumbnail hentry category-noticias\" role=\"listitem\">\n\t\t\t<div class=\"elementor-post__card\">\n\t\t\t\t<a class=\"elementor-post__thumbnail__link\" href=\"https:\/\/iudproc.com.mx\/web\/iudproc-anuncia-nueva-alianza-con-empresa-internacional-para-practicas-profesionales\/\" tabindex=\"-1\" ><div class=\"elementor-post__thumbnail\"><img decoding=\"async\" width=\"300\" height=\"200\" src=\"https:\/\/iudproc.com.mx\/web\/wp-content\/uploads\/2024\/08\/pexels-expressivestanley-1454360-300x200.jpg\" class=\"attachment-medium size-medium wp-image-2737\" alt=\"\" srcset=\"https:\/\/iudproc.com.mx\/web\/wp-content\/uploads\/2024\/08\/pexels-expressivestanley-1454360-300x200.jpg 300w, https:\/\/iudproc.com.mx\/web\/wp-content\/uploads\/2024\/08\/pexels-expressivestanley-1454360-1024x682.jpg 1024w, https:\/\/iudproc.com.mx\/web\/wp-content\/uploads\/2024\/08\/pexels-expressivestanley-1454360-768x512.jpg 768w, https:\/\/iudproc.com.mx\/web\/wp-content\/uploads\/2024\/08\/pexels-expressivestanley-1454360.jpg 1280w\" sizes=\"(max-width: 300px) 100vw, 300px\" \/><\/div><\/a>\n\t\t\t\t<div class=\"elementor-post__badge\">Noticias<\/div>\n\t\t\t\t<div class=\"elementor-post__text\">\n\t\t\t\t<h3 class=\"elementor-post__title\">\n\t\t\t<a href=\"https:\/\/iudproc.com.mx\/web\/iudproc-anuncia-nueva-alianza-con-empresa-internacional-para-practicas-profesionales\/\" >\n\t\t\t\tIUDPROC anuncia nueva alianza con empresa internacional para pr\u00e1cticas profesionales\t\t\t<\/a>\n\t\t<\/h3>\n\t\t\n\t\t<a class=\"elementor-post__read-more\" href=\"https:\/\/iudproc.com.mx\/web\/iudproc-anuncia-nueva-alianza-con-empresa-internacional-para-practicas-profesionales\/\" aria-label=\"Read more about IUDPROC anuncia nueva alianza con empresa internacional para pr\u00e1cticas profesionales\" tabindex=\"-1\" >\n\t\t\tVer publicaci\u00f3n \u00bb\t\t<\/a>\n\n\t\t\t\t<\/div>\n\t\t\t\t<div class=\"elementor-post__meta-data\">\n\t\t\t\t\t<span class=\"elementor-post-date\">\n\t\t\t22 de agosto de 2024\t\t<\/span>\n\t\t\t\t<\/div>\n\t\t\t\t\t<\/div>\n\t\t<\/article>\n\t\t\t\t<\/div>\n\t\t\n\t\t\t\t\t\t<\/div>\n\t\t\t\t<\/div>\n\t\t\t\t\t<\/div>\n\t\t\t\t<\/div>\n\t\t\t\t\t<\/div>\n\t\t\t\t<\/div>\n\t\t<div class=\"elementor-element elementor-element-8bb658d e-flex e-con-boxed wpr-particle-no wpr-jarallax-no wpr-parallax-no wpr-sticky-section-no e-con e-parent\" data-id=\"8bb658d\" data-element_type=\"container\" data-settings=\"{&quot;background_background&quot;:&quot;classic&quot;}\">\n\t\t\t\t\t<div class=\"e-con-inner\">\n\t\t<div class=\"elementor-element elementor-element-f8074f8 e-flex e-con-boxed wpr-particle-no wpr-jarallax-no wpr-parallax-no wpr-sticky-section-no elementor-invisible e-con e-child\" data-id=\"f8074f8\" data-element_type=\"container\" data-settings=\"{&quot;animation&quot;:&quot;slideInLeft&quot;}\">\n\t\t\t\t\t<div class=\"e-con-inner\">\n\t\t\t\t<div class=\"elementor-element elementor-element-f30e090 elementor-widget elementor-widget-heading\" data-id=\"f30e090\" data-element_type=\"widget\" data-widget_type=\"heading.default\">\n\t\t\t\t<div class=\"elementor-widget-container\">\n\t\t\t\t\t<h2 class=\"elementor-heading-title elementor-size-default\">Capsulas IUDPROC<\/h2>\t\t\t\t<\/div>\n\t\t\t\t<\/div>\n\t\t\t\t\t<\/div>\n\t\t\t\t<\/div>\n\t\t\t\t\t<\/div>\n\t\t\t\t<\/div>\n\t\t<div class=\"elementor-element elementor-element-4d5a0ce e-flex e-con-boxed wpr-particle-no wpr-jarallax-no wpr-parallax-no wpr-sticky-section-no e-con e-parent\" data-id=\"4d5a0ce\" data-element_type=\"container\">\n\t\t\t\t\t<div class=\"e-con-inner\">\n\t\t\t\t\t<\/div>\n\t\t\t\t<\/div>\n\t\t\t\t<\/div>\n\t\t","protected":false},"excerpt":{"rendered":"<p>NoticiasDescubre las noticias m\u00e1s importantes de IUDPROC y mantente al tanto de nuestras c\u00e1psulas acad\u00e9micas. Inf\u00f3rmate sobre los eventos, logros y novedades que impactan a nuestra comunidad universitaria y contribuyen a tu formaci\u00f3n profesional. Noticias IUDPROC Capsulas IUDPROC<\/p>\n","protected":false},"author":5,"featured_media":0,"parent":0,"menu_order":0,"comment_status":"closed","ping_status":"closed","template":"elementor_header_footer","meta":{"footnotes":""},"class_list":["post-2726","page","type-page","status-publish","hentry"],"yoast_head":"<!-- This site is optimized with the Yoast SEO plugin v25.5 - https:\/\/yoast.com\/wordpress\/plugins\/seo\/ -->\n<title>Noticias - Instituto Universitario de Desarrollo Profesional y Crecimiento<\/title>\n<meta name=\"robots\" content=\"index, follow, max-snippet:-1, max-image-preview:large, max-video-preview:-1\" \/>\n<link rel=\"canonical\" href=\"https:\/\/iudproc.com.mx\/web\/noticias\/\" \/>\n<meta property=\"og:locale\" content=\"es_ES\" \/>\n<meta property=\"og:type\" content=\"article\" \/>\n<meta property=\"og:title\" content=\"Noticias - Instituto Universitario de Desarrollo Profesional y Crecimiento\" \/>\n<meta property=\"og:description\" content=\"NoticiasDescubre las noticias m\u00e1s importantes de IUDPROC y mantente al tanto de nuestras c\u00e1psulas acad\u00e9micas. Inf\u00f3rmate sobre los eventos, logros y novedades que impactan a nuestra comunidad universitaria y contribuyen a tu formaci\u00f3n profesional. Noticias IUDPROC Capsulas IUDPROC\" \/>\n<meta property=\"og:url\" content=\"https:\/\/iudproc.com.mx\/web\/noticias\/\" \/>\n<meta property=\"og:site_name\" content=\"Instituto Universitario de Desarrollo Profesional y Crecimiento\" \/>\n<meta property=\"article:publisher\" content=\"https:\/\/www.facebook.com\/iudproc.oficial\" \/>\n<meta property=\"article:modified_time\" content=\"2025-05-17T16:10:10+00:00\" \/>\n<meta name=\"twitter:card\" content=\"summary_large_image\" \/>\n<script type=\"application\/ld+json\" class=\"yoast-schema-graph\">{\"@context\":\"https:\/\/schema.org\",\"@graph\":[{\"@type\":\"WebPage\",\"@id\":\"https:\/\/iudproc.com.mx\/web\/noticias\/\",\"url\":\"https:\/\/iudproc.com.mx\/web\/noticias\/\",\"name\":\"Noticias - Instituto Universitario de Desarrollo Profesional y Crecimiento\",\"isPartOf\":{\"@id\":\"https:\/\/iudproc.com.mx\/web\/#website\"},\"datePublished\":\"2024-08-26T07:37:20+00:00\",\"dateModified\":\"2025-05-17T16:10:10+00:00\",\"breadcrumb\":{\"@id\":\"https:\/\/iudproc.com.mx\/web\/noticias\/#breadcrumb\"},\"inLanguage\":\"es\",\"potentialAction\":[{\"@type\":\"ReadAction\",\"target\":[\"https:\/\/iudproc.com.mx\/web\/noticias\/\"]}]},{\"@type\":\"BreadcrumbList\",\"@id\":\"https:\/\/iudproc.com.mx\/web\/noticias\/#breadcrumb\",\"itemListElement\":[{\"@type\":\"ListItem\",\"position\":1,\"name\":\"Portada\",\"item\":\"https:\/\/iudproc.com.mx\/web\/\"},{\"@type\":\"ListItem\",\"position\":2,\"name\":\"Noticias\"}]},{\"@type\":\"WebSite\",\"@id\":\"https:\/\/iudproc.com.mx\/web\/#website\",\"url\":\"https:\/\/iudproc.com.mx\/web\/\",\"name\":\"Instituto Universitario de Desarrollo Profesional y Crecimiento\",\"description\":\"IUDPROC\",\"publisher\":{\"@id\":\"https:\/\/iudproc.com.mx\/web\/#organization\"},\"potentialAction\":[{\"@type\":\"SearchAction\",\"target\":{\"@type\":\"EntryPoint\",\"urlTemplate\":\"https:\/\/iudproc.com.mx\/web\/?s={search_term_string}\"},\"query-input\":{\"@type\":\"PropertyValueSpecification\",\"valueRequired\":true,\"valueName\":\"search_term_string\"}}],\"inLanguage\":\"es\"},{\"@type\":\"Organization\",\"@id\":\"https:\/\/iudproc.com.mx\/web\/#organization\",\"name\":\"Instituto Universitario de Desarrollo Profesional y Crecimiento\",\"url\":\"https:\/\/iudproc.com.mx\/web\/\",\"logo\":{\"@type\":\"ImageObject\",\"inLanguage\":\"es\",\"@id\":\"https:\/\/iudproc.com.mx\/web\/#\/schema\/logo\/image\/\",\"url\":\"https:\/\/iudproc.com.mx\/web\/wp-content\/uploads\/2025\/05\/logo-url.jpg\",\"contentUrl\":\"https:\/\/iudproc.com.mx\/web\/wp-content\/uploads\/2025\/05\/logo-url.jpg\",\"width\":1600,\"height\":597,\"caption\":\"Instituto Universitario de Desarrollo Profesional y Crecimiento\"},\"image\":{\"@id\":\"https:\/\/iudproc.com.mx\/web\/#\/schema\/logo\/image\/\"},\"sameAs\":[\"https:\/\/www.facebook.com\/iudproc.oficial\"]}]}<\/script>\n<!-- \/ Yoast SEO plugin. -->","yoast_head_json":{"title":"Noticias - Instituto Universitario de Desarrollo Profesional y Crecimiento","robots":{"index":"index","follow":"follow","max-snippet":"max-snippet:-1","max-image-preview":"max-image-preview:large","max-video-preview":"max-video-preview:-1"},"canonical":"https:\/\/iudproc.com.mx\/web\/noticias\/","og_locale":"es_ES","og_type":"article","og_title":"Noticias - Instituto Universitario de Desarrollo Profesional y Crecimiento","og_description":"NoticiasDescubre las noticias m\u00e1s importantes de IUDPROC y mantente al tanto de nuestras c\u00e1psulas acad\u00e9micas. Inf\u00f3rmate sobre los eventos, logros y novedades que impactan a nuestra comunidad universitaria y contribuyen a tu formaci\u00f3n profesional. Noticias IUDPROC Capsulas IUDPROC","og_url":"https:\/\/iudproc.com.mx\/web\/noticias\/","og_site_name":"Instituto Universitario de Desarrollo Profesional y Crecimiento","article_publisher":"https:\/\/www.facebook.com\/iudproc.oficial","article_modified_time":"2025-05-17T16:10:10+00:00","twitter_card":"summary_large_image","schema":{"@context":"https:\/\/schema.org","@graph":[{"@type":"WebPage","@id":"https:\/\/iudproc.com.mx\/web\/noticias\/","url":"https:\/\/iudproc.com.mx\/web\/noticias\/","name":"Noticias - Instituto Universitario de Desarrollo Profesional y Crecimiento","isPartOf":{"@id":"https:\/\/iudproc.com.mx\/web\/#website"},"datePublished":"2024-08-26T07:37:20+00:00","dateModified":"2025-05-17T16:10:10+00:00","breadcrumb":{"@id":"https:\/\/iudproc.com.mx\/web\/noticias\/#breadcrumb"},"inLanguage":"es","potentialAction":[{"@type":"ReadAction","target":["https:\/\/iudproc.com.mx\/web\/noticias\/"]}]},{"@type":"BreadcrumbList","@id":"https:\/\/iudproc.com.mx\/web\/noticias\/#breadcrumb","itemListElement":[{"@type":"ListItem","position":1,"name":"Portada","item":"https:\/\/iudproc.com.mx\/web\/"},{"@type":"ListItem","position":2,"name":"Noticias"}]},{"@type":"WebSite","@id":"https:\/\/iudproc.com.mx\/web\/#website","url":"https:\/\/iudproc.com.mx\/web\/","name":"Instituto Universitario de Desarrollo Profesional y Crecimiento","description":"IUDPROC","publisher":{"@id":"https:\/\/iudproc.com.mx\/web\/#organization"},"potentialAction":[{"@type":"SearchAction","target":{"@type":"EntryPoint","urlTemplate":"https:\/\/iudproc.com.mx\/web\/?s={search_term_string}"},"query-input":{"@type":"PropertyValueSpecification","valueRequired":true,"valueName":"search_term_string"}}],"inLanguage":"es"},{"@type":"Organization","@id":"https:\/\/iudproc.com.mx\/web\/#organization","name":"Instituto Universitario de Desarrollo Profesional y Crecimiento","url":"https:\/\/iudproc.com.mx\/web\/","logo":{"@type":"ImageObject","inLanguage":"es","@id":"https:\/\/iudproc.com.mx\/web\/#\/schema\/logo\/image\/","url":"https:\/\/iudproc.com.mx\/web\/wp-content\/uploads\/2025\/05\/logo-url.jpg","contentUrl":"https:\/\/iudproc.com.mx\/web\/wp-content\/uploads\/2025\/05\/logo-url.jpg","width":1600,"height":597,"caption":"Instituto Universitario de Desarrollo Profesional y Crecimiento"},"image":{"@id":"https:\/\/iudproc.com.mx\/web\/#\/schema\/logo\/image\/"},"sameAs":["https:\/\/www.facebook.com\/iudproc.oficial"]}]}},"_links":{"self":[{"href":"https:\/\/iudproc.com.mx\/web\/wp-json\/wp\/v2\/pages\/2726","targetHints":{"allow":["GET"]}}],"collection":[{"href":"https:\/\/iudproc.com.mx\/web\/wp-json\/wp\/v2\/pages"}],"about":[{"href":"https:\/\/iudproc.com.mx\/web\/wp-json\/wp\/v2\/types\/page"}],"author":[{"embeddable":true,"href":"https:\/\/iudproc.com.mx\/web\/wp-json\/wp\/v2\/users\/5"}],"replies":[{"embeddable":true,"href":"https:\/\/iudproc.com.mx\/web\/wp-json\/wp\/v2\/comments?post=2726"}],"version-history":[{"count":13,"href":"https:\/\/iudproc.com.mx\/web\/wp-json\/wp\/v2\/pages\/2726\/revisions"}],"predecessor-version":[{"id":3078,"href":"https:\/\/iudproc.com.mx\/web\/wp-json\/wp\/v2\/pages\/2726\/revisions\/3078"}],"wp:attachment":[{"href":"https:\/\/iudproc.com.mx\/web\/wp-json\/wp\/v2\/media?parent=2726"}],"curies":[{"name":"wp","href":"https:\/\/api.w.org\/{rel}","templated":true}]}}